{"id":2,"date":"2019-12-01T10:15:15","date_gmt":"2019-12-01T09:15:15","guid":{"rendered":"http:\/\/vulcanizadoslamaja.com\/?page_id=2"},"modified":"2024-05-23T21:25:17","modified_gmt":"2024-05-23T19:25:17","slug":"page-d-exemple","status":"publish","type":"page","link":"https:\/\/vulcanizadoslamaja.com\/","title":{"rendered":"Sobre nosotros"},"content":{"rendered":"<p>[et_pb_section fb_built=\u00bb1&#8243; fullwidth=\u00bbon\u00bb _builder_version=\u00bb3.12&#8243;][et_pb_fullwidth_header title=\u00bbFabricantes de calzado de hogar y alpargatas\u00bb subhead=\u00bbDise\u00f1amos tu calzado m\u00e1s c\u00f3modo\u00bb _builder_version=\u00bb3.12&#8243; title_font=\u00bb|700|||||||\u00bb title_text_color=\u00bb#ffffff\u00bb title_font_size=\u00bb50px\u00bb title_text_shadow_style=\u00bbpreset3&#8243; content_font=\u00bb||||||||\u00bb subhead_font=\u00bb||||||||\u00bb subhead_font_size=\u00bb27px\u00bb subhead_line_height=\u00bb1.4em\u00bb background_image=\u00bbhttps:\/\/vulcanizadoslamaja.com\/wp-content\/uploads\/2020\/08\/pexels-andrea-piacquadio-3771080-scaled.jpg\u00bb background_position=\u00bbcenter_right\u00bb custom_margin=\u00bb0px||0px||true\u00bb custom_padding=\u00bb23px||300px|\u00bb]&nbsp;<br \/>\n[\/et_pb_fullwidth_header][\/et_pb_section][et_pb_section fb_built=\u00bb1&#8243; _builder_version=\u00bb3.12&#8243; custom_padding=\u00bb0|0px|0|0px|false|false\u00bb][et_pb_row custom_padding=\u00bb27px|0px|0|0px|false|false\u00bb _builder_version=\u00bb3.12&#8243;][et_pb_column type=\u00bb4_4&#8243; _builder_version=\u00bb3.0.47&#8243; parallax=\u00bboff\u00bb parallax_method=\u00bbon\u00bb][et_pb_divider _builder_version=\u00bb3.12&#8243;][\/et_pb_divider][\/et_pb_column][\/et_pb_row][et_pb_row custom_padding=\u00bb27px|0px|77px|0px|false|false\u00bb _builder_version=\u00bb3.12&#8243;][et_pb_column type=\u00bb1_3&#8243; _builder_version=\u00bb3.0.47&#8243; parallax=\u00bboff\u00bb parallax_method=\u00bbon\u00bb][et_pb_circle_counter title=\u00bbA\u00f1os de experiencia\u00bb number=\u00bb50&#8243; percent_sign=\u00bboff\u00bb bar_bg_color=\u00bb#e09900&#8243; circle_color=\u00bb#000000&#8243; _builder_version=\u00bb3.12&#8243; title_level=\u00bbh1&#8243; title_font=\u00bb||||||||\u00bb number_font=\u00bb||||||||\u00bb number_font_size=\u00bb71px\u00bb][\/et_pb_circle_counter][\/et_pb_column][et_pb_column type=\u00bb1_3&#8243; _builder_version=\u00bb3.0.47&#8243; parallax=\u00bboff\u00bb parallax_method=\u00bbon\u00bb][et_pb_circle_counter title=\u00bbClientes satisfechos\u00bb number=\u00bb1050&#8243; percent_sign=\u00bboff\u00bb bar_bg_color=\u00bb#e09900&#8243; circle_color=\u00bb#000000&#8243; _builder_version=\u00bb3.12&#8243; title_level=\u00bbh1&#8243; title_font=\u00bb||||||||\u00bb number_font=\u00bb||||||||\u00bb number_font_size=\u00bb71px\u00bb][\/et_pb_circle_counter][\/et_pb_column][et_pb_column type=\u00bb1_3&#8243; _builder_version=\u00bb3.0.47&#8243; parallax=\u00bboff\u00bb parallax_method=\u00bbon\u00bb][et_pb_circle_counter title=\u00bbNuevos modelos cada a\u00f1o\u00bb number=\u00bb50&#8243; percent_sign=\u00bboff\u00bb bar_bg_color=\u00bb#e09900&#8243; circle_color=\u00bb#000000&#8243; _builder_version=\u00bb3.12&#8243; title_level=\u00bbh1&#8243; title_font=\u00bb||||||||\u00bb number_font=\u00bb||||||||\u00bb number_font_size=\u00bb71px\u00bb][\/et_pb_circle_counter][\/et_pb_column][\/et_pb_row][et_pb_row _builder_version=\u00bb3.12&#8243;][et_pb_column type=\u00bb4_4&#8243; _builder_version=\u00bb3.0.47&#8243; parallax=\u00bboff\u00bb parallax_method=\u00bbon\u00bb][et_pb_button button_url=\u00bbhttps:\/\/vulcanizadoslamaja.com\/index.php\/contacto\/\u00bb button_text=\u00bbP\u00eddenos tu presupuesto sin compromiso\u00bb button_alignment=\u00bbcenter\u00bb _builder_version=\u00bb3.12&#8243; custom_button=\u00bbon\u00bb button_text_size=\u00bb36px\u00bb button_text_color=\u00bb#e09900&#8243; button_border_radius=\u00bb12px\u00bb button_font=\u00bb||||||||\u00bb button_icon=\u00bb%%24%%\u00bb button_on_hover=\u00bboff\u00bb custom_margin=\u00bb|||0px\u00bb][\/et_pb_button][\/et_pb_column][\/et_pb_row][et_pb_row _builder_version=\u00bb3.12&#8243;][et_pb_column type=\u00bb4_4&#8243; _builder_version=\u00bb3.0.47&#8243; parallax=\u00bboff\u00bb parallax_method=\u00bbon\u00bb][et_pb_divider color=\u00bb#e09900&#8243; divider_weight=\u00bb2px\u00bb height=\u00bb5px\u00bb _builder_version=\u00bb3.12&#8243; custom_padding=\u00bb0px||0px|\u00bb][\/et_pb_divider][\/et_pb_column][\/et_pb_row][et_pb_row custom_padding=\u00bb0|0px|27px|0px|false|false\u00bb _builder_version=\u00bb3.12&#8243;][et_pb_column type=\u00bb1_3&#8243; _builder_version=\u00bb3.0.47&#8243; parallax=\u00bboff\u00bb parallax_method=\u00bbon\u00bb][et_pb_cta title=\u00bb\u00bfQu\u00e9 hacemos?\u00bb button_text=\u00bbClick Here\u00bb _builder_version=\u00bb3.12&#8243; header_font=\u00bb||||||||\u00bb header_font_size=\u00bb26px\u00bb header_letter_spacing=\u00bb1px\u00bb body_font=\u00bb||||||||\u00bb body_font_size=\u00bb16px\u00bb background_color=\u00bbrgba(224,153,0,0.75)\u00bb border_radii=\u00bbon|10px|10px|10px|10px\u00bb border_color_all=\u00bb#000000&#8243; box_shadow_style=\u00bbpreset1&#8243; box_shadow_blur=\u00bb11px\u00bb custom_margin=\u00bb36px|||\u00bb]Calzados KOKI&#8217;s es una empresa l\u00edder en el sector de las alpargatas de yute.<br \/>\n[\/et_pb_cta][\/et_pb_column][et_pb_column type=\u00bb1_3&#8243; _builder_version=\u00bb3.0.47&#8243; parallax=\u00bboff\u00bb parallax_method=\u00bbon\u00bb][et_pb_cta title=\u00bbLos materiales naturales, nuestros favoritos\u00bb button_text=\u00bbClick Here\u00bb _builder_version=\u00bb3.12&#8243; header_font=\u00bb||||||||\u00bb header_font_size=\u00bb26px\u00bb header_letter_spacing=\u00bb1px\u00bb body_font=\u00bb||||||||\u00bb body_font_size=\u00bb16px\u00bb background_color=\u00bbrgba(47,104,0,0.75)\u00bb border_radii=\u00bbon|10px|10px|10px|10px\u00bb border_color_all=\u00bb#000000&#8243; box_shadow_style=\u00bbpreset1&#8243; box_shadow_blur=\u00bb11px\u00bb custom_margin=\u00bb36px|||\u00bb]Usamos productos naturales como el yute, el lino o el algod\u00f3n. Nuestras suelas est\u00e1n hechas de caucho, y los interiores de materiales org\u00e1nicos reciclados<br \/>\n[\/et_pb_cta][\/et_pb_column][et_pb_column type=\u00bb1_3&#8243; _builder_version=\u00bb3.0.47&#8243; parallax=\u00bboff\u00bb parallax_method=\u00bbon\u00bb][et_pb_cta title=\u00bbEl confort como prioridad\u00bb button_text=\u00bbClick Here\u00bb _builder_version=\u00bb3.12&#8243; header_font=\u00bb||||||||\u00bb header_font_size=\u00bb26px\u00bb header_letter_spacing=\u00bb1px\u00bb body_font=\u00bb||||||||\u00bb body_font_size=\u00bb16px\u00bb background_color=\u00bbrgba(224,153,0,0.75)\u00bb border_radii=\u00bbon|10px|10px|10px|10px\u00bb border_color_all=\u00bb#000000&#8243; box_shadow_style=\u00bbpreset1&#8243; box_shadow_blur=\u00bb11px\u00bb custom_margin=\u00bb36px|||\u00bb]Por eso usamos suelas vulcanizadas y productos transpirables.<br \/>\n[\/et_pb_cta][\/et_pb_column][\/et_pb_row][et_pb_row custom_padding=\u00bb27px|0px|80px|0px|false|false\u00bb _builder_version=\u00bb3.12&#8243;][et_pb_column type=\u00bb4_4&#8243; _builder_version=\u00bb3.0.47&#8243; parallax=\u00bboff\u00bb parallax_method=\u00bbon\u00bb][et_pb_button button_url=\u00bbhttps:\/\/vulcanizadoslamaja.com\/index.php\/producto\/\u00bb button_text=\u00bbMira nuestro cat\u00e1logo\u00bb button_alignment=\u00bbcenter\u00bb _builder_version=\u00bb3.12&#8243; custom_button=\u00bbon\u00bb button_text_size=\u00bb36px\u00bb button_text_color=\u00bb#e09900&#8243; button_border_radius=\u00bb12px\u00bb button_icon=\u00bb%%24%%\u00bb button_on_hover=\u00bboff\u00bb custom_margin=\u00bb|||0px\u00bb][\/et_pb_button][\/et_pb_column][\/et_pb_row][\/et_pb_section]<\/p>\n","protected":false},"excerpt":{"rendered":"<p>[et_pb_section fb_built=\u00bb1&#8243; fullwidth=\u00bbon\u00bb _builder_version=\u00bb3.12&#8243;][et_pb_fullwidth_header title=\u00bbFabricantes de calzado de hogar y alpargatas\u00bb subhead=\u00bbDise\u00f1amos tu calzado m\u00e1s c\u00f3modo\u00bb _builder_version=\u00bb3.12&#8243; title_font=\u00bb|700|||||||\u00bb title_text_color=\u00bb#ffffff\u00bb title_font_size=\u00bb50px\u00bb title_text_shadow_style=\u00bbpreset3&#8243; content_font=\u00bb||||||||\u00bb subhead_font=\u00bb||||||||\u00bb subhead_font_size=\u00bb27px\u00bb subhead_line_height=\u00bb1.4em\u00bb background_image=\u00bbhttps:\/\/vulcanizadoslamaja.com\/wp-content\/uploads\/2020\/08\/pexels-andrea-piacquadio-3771080-scaled.jpg\u00bb background_position=\u00bbcenter_right\u00bb custom_margin=\u00bb0px||0px||true\u00bb custom_padding=\u00bb23px||300px|\u00bb]&nbsp; [\/et_pb_fullwidth_header][\/et_pb_section][et_pb_section fb_built=\u00bb1&#8243; _builder_version=\u00bb3.12&#8243; custom_padding=\u00bb0|0px|0|0px|false|false\u00bb][et_pb_row custom_padding=\u00bb27px|0px|0|0px|false|false\u00bb _builder_version=\u00bb3.12&#8243;][et_pb_column type=\u00bb4_4&#8243; _builder_version=\u00bb3.0.47&#8243; parallax=\u00bboff\u00bb parallax_method=\u00bbon\u00bb][et_pb_divider _builder_version=\u00bb3.12&#8243;][\/et_pb_divider][\/et_pb_column][\/et_pb_row][et_pb_row custom_padding=\u00bb27px|0px|77px|0px|false|false\u00bb _builder_version=\u00bb3.12&#8243;][et_pb_column type=\u00bb1_3&#8243; _builder_version=\u00bb3.0.47&#8243; parallax=\u00bboff\u00bb parallax_method=\u00bbon\u00bb][et_pb_circle_counter title=\u00bbA\u00f1os de experiencia\u00bb number=\u00bb50&#8243; percent_sign=\u00bboff\u00bb bar_bg_color=\u00bb#e09900&#8243; circle_color=\u00bb#000000&#8243; _builder_version=\u00bb3.12&#8243; title_level=\u00bbh1&#8243; [&hellip;]<\/p>\n","protected":false},"author":1,"featured_media":0,"parent":0,"menu_order":0,"comment_status":"closed","ping_status":"open","template":"","meta":[],"yoast_head":"<!-- This site is optimized with the Yoast SEO plugin v17.2.1 - https:\/\/yoast.com\/wordpress\/plugins\/seo\/ -->\n<title>Sobre nosotros - Calzados KOKI&#039;S<\/title>\n<meta name=\"robots\" content=\"index, follow, max-snippet:-1, max-image-preview:large, max-video-preview:-1\" \/>\n<link rel=\"canonical\" href=\"https:\/\/vulcanizadoslamaja.com\/\" \/>\n<meta property=\"og:locale\" content=\"es_ES\" \/>\n<meta property=\"og:type\" content=\"article\" \/>\n<meta property=\"og:title\" content=\"Sobre nosotros - Calzados KOKI&#039;S\" \/>\n<meta property=\"og:description\" content=\"[et_pb_section fb_built=\u00bb1&#8243; fullwidth=\u00bbon\u00bb _builder_version=\u00bb3.12&#8243;][et_pb_fullwidth_header title=\u00bbFabricantes de calzado de hogar y alpargatas\u00bb subhead=\u00bbDise\u00f1amos tu calzado m\u00e1s c\u00f3modo\u00bb _builder_version=\u00bb3.12&#8243; title_font=\u00bb|700|||||||\u00bb title_text_color=\u00bb#ffffff\u00bb title_font_size=\u00bb50px\u00bb title_text_shadow_style=\u00bbpreset3&#8243; content_font=\u00bb||||||||\u00bb subhead_font=\u00bb||||||||\u00bb subhead_font_size=\u00bb27px\u00bb subhead_line_height=\u00bb1.4em\u00bb background_image=\u00bbhttps:\/\/vulcanizadoslamaja.com\/wp-content\/uploads\/2020\/08\/pexels-andrea-piacquadio-3771080-scaled.jpg\u00bb background_position=\u00bbcenter_right\u00bb custom_margin=\u00bb0px||0px||true\u00bb custom_padding=\u00bb23px||300px|\u00bb]&nbsp; [\/et_pb_fullwidth_header][\/et_pb_section][et_pb_section fb_built=\u00bb1&#8243; _builder_version=\u00bb3.12&#8243; custom_padding=\u00bb0|0px|0|0px|false|false\u00bb][et_pb_row custom_padding=\u00bb27px|0px|0|0px|false|false\u00bb _builder_version=\u00bb3.12&#8243;][et_pb_column type=\u00bb4_4&#8243; _builder_version=\u00bb3.0.47&#8243; parallax=\u00bboff\u00bb parallax_method=\u00bbon\u00bb][et_pb_divider _builder_version=\u00bb3.12&#8243;][\/et_pb_divider][\/et_pb_column][\/et_pb_row][et_pb_row custom_padding=\u00bb27px|0px|77px|0px|false|false\u00bb _builder_version=\u00bb3.12&#8243;][et_pb_column type=\u00bb1_3&#8243; _builder_version=\u00bb3.0.47&#8243; parallax=\u00bboff\u00bb parallax_method=\u00bbon\u00bb][et_pb_circle_counter title=\u00bbA\u00f1os de experiencia\u00bb number=\u00bb50&#8243; percent_sign=\u00bboff\u00bb bar_bg_color=\u00bb#e09900&#8243; circle_color=\u00bb#000000&#8243; _builder_version=\u00bb3.12&#8243; title_level=\u00bbh1&#8243; [&hellip;]\" \/>\n<meta property=\"og:url\" content=\"https:\/\/vulcanizadoslamaja.com\/\" \/>\n<meta property=\"og:site_name\" content=\"Calzados KOKI&#039;S\" \/>\n<meta property=\"article:modified_time\" content=\"2024-05-23T19:25:17+00:00\" \/>\n<meta name=\"twitter:card\" content=\"summary_large_image\" \/>\n<meta name=\"twitter:label1\" content=\"Tiempo de lectura\" \/>\n\t<meta name=\"twitter:data1\" content=\"4 minutos\" \/>\n<script type=\"application\/ld+json\" class=\"yoast-schema-graph\">{\"@context\":\"https:\/\/schema.org\",\"@graph\":[{\"@type\":\"WebSite\",\"@id\":\"https:\/\/vulcanizadoslamaja.com\/#website\",\"url\":\"https:\/\/vulcanizadoslamaja.com\/\",\"name\":\"Calzados KOKI&#039;S\",\"description\":\"\",\"potentialAction\":[{\"@type\":\"SearchAction\",\"target\":{\"@type\":\"EntryPoint\",\"urlTemplate\":\"https:\/\/vulcanizadoslamaja.com\/?s={search_term_string}\"},\"query-input\":\"required name=search_term_string\"}],\"inLanguage\":\"es\"},{\"@type\":\"WebPage\",\"@id\":\"https:\/\/vulcanizadoslamaja.com\/#webpage\",\"url\":\"https:\/\/vulcanizadoslamaja.com\/\",\"name\":\"Sobre nosotros - Calzados KOKI&#039;S\",\"isPartOf\":{\"@id\":\"https:\/\/vulcanizadoslamaja.com\/#website\"},\"datePublished\":\"2019-12-01T09:15:15+00:00\",\"dateModified\":\"2024-05-23T19:25:17+00:00\",\"breadcrumb\":{\"@id\":\"https:\/\/vulcanizadoslamaja.com\/#breadcrumb\"},\"inLanguage\":\"es\",\"potentialAction\":[{\"@type\":\"ReadAction\",\"target\":[\"https:\/\/vulcanizadoslamaja.com\/\"]}]},{\"@type\":\"BreadcrumbList\",\"@id\":\"https:\/\/vulcanizadoslamaja.com\/#breadcrumb\",\"itemListElement\":[{\"@type\":\"ListItem\",\"position\":1,\"name\":\"Portada\",\"item\":\"https:\/\/vulcanizadoslamaja.com\/\"},{\"@type\":\"ListItem\",\"position\":2,\"name\":\"Sobre nosotros\"}]}]}<\/script>\n<!-- \/ Yoast SEO plugin. -->","yoast_head_json":{"title":"Sobre nosotros - Calzados KOKI&#039;S","robots":{"index":"index","follow":"follow","max-snippet":"max-snippet:-1","max-image-preview":"max-image-preview:large","max-video-preview":"max-video-preview:-1"},"canonical":"https:\/\/vulcanizadoslamaja.com\/","og_locale":"es_ES","og_type":"article","og_title":"Sobre nosotros - Calzados KOKI&#039;S","og_description":"[et_pb_section fb_built=\u00bb1&#8243; fullwidth=\u00bbon\u00bb _builder_version=\u00bb3.12&#8243;][et_pb_fullwidth_header title=\u00bbFabricantes de calzado de hogar y alpargatas\u00bb subhead=\u00bbDise\u00f1amos tu calzado m\u00e1s c\u00f3modo\u00bb _builder_version=\u00bb3.12&#8243; title_font=\u00bb|700|||||||\u00bb title_text_color=\u00bb#ffffff\u00bb title_font_size=\u00bb50px\u00bb title_text_shadow_style=\u00bbpreset3&#8243; content_font=\u00bb||||||||\u00bb subhead_font=\u00bb||||||||\u00bb subhead_font_size=\u00bb27px\u00bb subhead_line_height=\u00bb1.4em\u00bb background_image=\u00bbhttps:\/\/vulcanizadoslamaja.com\/wp-content\/uploads\/2020\/08\/pexels-andrea-piacquadio-3771080-scaled.jpg\u00bb background_position=\u00bbcenter_right\u00bb custom_margin=\u00bb0px||0px||true\u00bb custom_padding=\u00bb23px||300px|\u00bb]&nbsp; [\/et_pb_fullwidth_header][\/et_pb_section][et_pb_section fb_built=\u00bb1&#8243; _builder_version=\u00bb3.12&#8243; custom_padding=\u00bb0|0px|0|0px|false|false\u00bb][et_pb_row custom_padding=\u00bb27px|0px|0|0px|false|false\u00bb _builder_version=\u00bb3.12&#8243;][et_pb_column type=\u00bb4_4&#8243; _builder_version=\u00bb3.0.47&#8243; parallax=\u00bboff\u00bb parallax_method=\u00bbon\u00bb][et_pb_divider _builder_version=\u00bb3.12&#8243;][\/et_pb_divider][\/et_pb_column][\/et_pb_row][et_pb_row custom_padding=\u00bb27px|0px|77px|0px|false|false\u00bb _builder_version=\u00bb3.12&#8243;][et_pb_column type=\u00bb1_3&#8243; _builder_version=\u00bb3.0.47&#8243; parallax=\u00bboff\u00bb parallax_method=\u00bbon\u00bb][et_pb_circle_counter title=\u00bbA\u00f1os de experiencia\u00bb number=\u00bb50&#8243; percent_sign=\u00bboff\u00bb bar_bg_color=\u00bb#e09900&#8243; circle_color=\u00bb#000000&#8243; _builder_version=\u00bb3.12&#8243; title_level=\u00bbh1&#8243; [&hellip;]","og_url":"https:\/\/vulcanizadoslamaja.com\/","og_site_name":"Calzados KOKI&#039;S","article_modified_time":"2024-05-23T19:25:17+00:00","twitter_card":"summary_large_image","twitter_misc":{"Tiempo de lectura":"4 minutos"},"schema":{"@context":"https:\/\/schema.org","@graph":[{"@type":"WebSite","@id":"https:\/\/vulcanizadoslamaja.com\/#website","url":"https:\/\/vulcanizadoslamaja.com\/","name":"Calzados KOKI&#039;S","description":"","potentialAction":[{"@type":"SearchAction","target":{"@type":"EntryPoint","urlTemplate":"https:\/\/vulcanizadoslamaja.com\/?s={search_term_string}"},"query-input":"required name=search_term_string"}],"inLanguage":"es"},{"@type":"WebPage","@id":"https:\/\/vulcanizadoslamaja.com\/#webpage","url":"https:\/\/vulcanizadoslamaja.com\/","name":"Sobre nosotros - Calzados KOKI&#039;S","isPartOf":{"@id":"https:\/\/vulcanizadoslamaja.com\/#website"},"datePublished":"2019-12-01T09:15:15+00:00","dateModified":"2024-05-23T19:25:17+00:00","breadcrumb":{"@id":"https:\/\/vulcanizadoslamaja.com\/#breadcrumb"},"inLanguage":"es","potentialAction":[{"@type":"ReadAction","target":["https:\/\/vulcanizadoslamaja.com\/"]}]},{"@type":"BreadcrumbList","@id":"https:\/\/vulcanizadoslamaja.com\/#breadcrumb","itemListElement":[{"@type":"ListItem","position":1,"name":"Portada","item":"https:\/\/vulcanizadoslamaja.com\/"},{"@type":"ListItem","position":2,"name":"Sobre nosotros"}]}]}},"_links":{"self":[{"href":"https:\/\/vulcanizadoslamaja.com\/index.php\/wp-json\/wp\/v2\/pages\/2"}],"collection":[{"href":"https:\/\/vulcanizadoslamaja.com\/index.php\/wp-json\/wp\/v2\/pages"}],"about":[{"href":"https:\/\/vulcanizadoslamaja.com\/index.php\/wp-json\/wp\/v2\/types\/page"}],"author":[{"embeddable":true,"href":"https:\/\/vulcanizadoslamaja.com\/index.php\/wp-json\/wp\/v2\/users\/1"}],"replies":[{"embeddable":true,"href":"https:\/\/vulcanizadoslamaja.com\/index.php\/wp-json\/wp\/v2\/comments?post=2"}],"version-history":[{"count":19,"href":"https:\/\/vulcanizadoslamaja.com\/index.php\/wp-json\/wp\/v2\/pages\/2\/revisions"}],"predecessor-version":[{"id":1512,"href":"https:\/\/vulcanizadoslamaja.com\/index.php\/wp-json\/wp\/v2\/pages\/2\/revisions\/1512"}],"wp:attachment":[{"href":"https:\/\/vulcanizadoslamaja.com\/index.php\/wp-json\/wp\/v2\/media?parent=2"}],"curies":[{"name":"wp","href":"https:\/\/api.w.org\/{rel}","templated":true}]}}